35456 and 2346.
102
Calculate the greatest common factor of 415280 and 33620.
20
Calculate the greatest common factor of 1643 and 55087.
31
What is the greatest common divisor of 9207 and 1114388?
341
Calculate the highest common divisor of 189830 and 703760.
4630
Calculate the highest common divisor of 335209 and 2989.
49
What is the greatest common divisor of 637483885 and 695?
695
What is the highest common divisor of 480400 and 1775?
25
Calculate the highest common divisor of 2964385 and 5.
5
What is the highest common factor of 7 and 2669597?
7
Calculate the highest common divisor of 278691 and 1724076.
1731
Calculate the highest common divisor of 942 and 7181651.
157
What is the highest common factor of 289 and 346086?
17
Calculate the greatest common factor of 104945 and 2443935.
755
Calculate the greatest common divisor of 692745 and 3720.
15
Calculate the highest common divisor of 3511772 and 55.
11
Calculate the highest common factor of 742 and 59352209.
371
Calculate the highest common factor of 1529 and 2330207.
11
Calculate the greatest common divisor of 792750 and 1968750.
5250
What is the highest common factor of 1392171 and 18843?
33
Calculate the greatest common divisor of 288608 and 1240.
8
What is the highest common divisor of 243 and 3494898?
9
Calculate the greatest common factor of 153 and 207078462.
153
Calculate the highest common divisor of 40493898 and 18.
18
What is the greatest common factor of 665569814 and 446?
446
Calculate the greatest common factor of 2062 and 33991039.
1031
What is the greatest common factor of 456199 and 377?
29
Calculate the highest common factor of 938240 and 200.
40
What is the highest common factor of 964 and 7526671?
241
What is the highest common factor of 12036 and 880044?
708
What is the highest common divisor of 720 and 53092260?
180
What is the highest common factor of 3201 and 21980607?
33
What is the highest common factor of 2982 and 97538806?
142
What is the highest common divisor of 1267337 and 93127?
4049
What is the highest common factor of 473 and 572029?
43
Calculate the greatest common factor of 105536 and 3519.
17
What is the highest common factor of 2682424 and 3039?
1013
What is the highest common factor of 75 and 358992825?
75
Calculate the greatest common divisor of 1150 and 94060110.
230
Calculate the greatest common factor of 56 and 1479583.
7
Calculate the greatest common divisor of 32 and 122336.
32
What is the highest common factor of 1341913 and 19?
19
What is the highest common divisor of 228513 and 1336263?
633
What is the highest common factor of 21093952 and 5016?
1672
Calculate the greatest common divisor of 7528 and 4211916000.
7528
Calculate the highest common factor of 12636 and 22748232.
156
Calculate the highest common divisor of 59233616 and 156.
52
What is the highest common divisor of 30835396 and 9?
1
Calculate the greatest common factor of 22178 and 46514.
26
What is the greatest common factor of 9325386 and 98?
98
Calculate the greatest common factor of 2292 and 8961948.
12
Calculate the greatest common divisor of 3004547 and 931463.
1781
What is the greatest common divisor of 273379810 and 145?
145
Calculate the highest common divisor of 2787961533 and 21.
21
What is the greatest common divisor of 21 and 88720422?
21
What is the highest common divisor of 8858 and 117562?
86
Calculate the greatest common divisor of 140849 and 98520412.
2309
What is the greatest common factor of 3514 and 53794069?
1757
Calculate the highest common divisor of 485199 and 275.
11
Calculate the highest common divisor of 42 and 100916445.
21
What is the highest common factor of 210 and 3526152?
42
What is the greatest common divisor of 27475390 and 122170?
6430
Calculate the greatest common divisor of 325 and 527397.
13
Calculate the greatest common factor of 8841536 and 4807.
209
Calculate the greatest common divisor of 546872 and 5309544.
1576
Calculate the greatest common divisor of 4200 and 197884680.
840
Calculate the highest common factor of 90882 and 916893351.
15147
What is the greatest common divisor of 1587872 and 45408?
352
What is the greatest common factor of 2510 and 13881304?
502
What is the highest common divisor of 7920234 and 486?
54
Calculate the highest common factor of 1740 and 6250660.
580
What is the greatest common divisor of 2404982 and 4826?
38
Calculate the highest common divisor of 7347 and 505734.
93
What is the highest common divisor of 76833804 and 1068?
12
What is the highest common factor of 26291876 and 130?
26
Calculate the greatest common divisor of 405356 and 15190.
434
Calculate the greatest common factor of 37485 and 39725.
35
Calculate the highest common divisor of 16160558 and 1962.
218
What is the greatest common factor of 47336877 and 280?
7
What is the highest common divisor of 47773 and 87032?
473
Calculate the greatest common factor of 607804 and 11092.
188
What is the highest common factor of 87 and 135263047?
29
What is the highest common divisor of 98 and 17704141?
49
Calculate the greatest common divisor of 1832 and 2167027.
229
What is the greatest common factor of 46779 and 61473?
93
Calculate the greatest common divisor of 548 and 16493156.
548
Calculate the highest common divisor of 498599743 and 149.
149
What is the greatest common factor of 583690 and 176?
2
What is the greatest common factor of 374 and 464913416?
374
Calculate the highest common divisor of 2044 and 434538048.
2044
What is the greatest common factor of 587360 and 34688?
32
Calculate the greatest common divisor of 125631 and 655039.
517
Calculate the highest common divisor of 92954590 and 3860.
1930
Calculate the highest common factor of 72473 and 40685712.
3151
Calculate the highest common factor of 1208228 and 3556.
28
Calculate the highest common factor of 334560 and 67110.
30
Calculate the greatest common divisor of 70638030 and 90.
90
What is the highest common divisor of 33 and 2435158?
11
Calculate the highest common divisor of 16 and 2085088.
16
Calculate the highest common factor of 2150 and 588400.
50
Calculate the highest common factor of 28373 and 309247.
17
Calculate the highest common factor of 3123686 and 9806836.
3662
Calculate the highest common factor of 26809920 and 3712.
1856
What is the greatest common divisor of 21642764 and 3133?
3133
What is the highest common factor of 1388388 and 279204?
636
Calculate the highest common divisor of 1283366 and 1019368.
1526
What is the greatest common factor of 2146 and 228694?
58
What is the greatest common divisor of 21744 and 1555056?
144
Calculate the greatest common factor of 446 and 16786771.
223
Calculate the highest common factor of 109224 and 31752327.
4551
Calculate the highest common factor of 8911320 and 70.
10
Calculate the highest common divisor of 1764 and 2088432.
36
What is the greatest common divisor of 211336 and 904?
8
What is the highest common factor of 5109 and 7253208?
393
What is the highest common divisor of 1135245 and 5145?
15
Calculate the greatest common divisor of 8319 and 884823.
177
Calculate the highest common divisor of 59093685 and 26145.
315
What is the highest common divisor of 75 and 181695210?
15
Calculate the highest common divisor of 3679 and 944411.
13
Calculate the highest common divisor of 2489 and 40251060.
131
What is the highest common divisor of 63183941 and 1942?
971
What is the greatest common divisor of 116025 and 284193?
273
What is the greatest common factor of 3210 and 6861165?
15
What is the highest common divisor of 87711012 and 1688?
844
What is the greatest common divisor of 42894 and 10512?
18
What is the greatest common divisor of 37906048 and 1720?
344
Calculate the greatest common factor of 1575405 and 936.
117
What is the greatest common divisor of 321250 and 108711?
257
Calculate the highest common divisor of 2342740 and 4510.
410
What is the greatest common divisor of 3550 and 128895814?
142
Calculate the highest common factor of 11319 and 856296.
21
What is the greatest common divisor of 84 and 138117315?
21
What is the highest common factor of 154 and 72702?
14
What is the greatest common divisor of 33531351 and 19928?
2491
Calculate the highest common divisor of 13108 and 448195.
29
What is the greatest common divisor 